{"id":544,"date":"2022-01-25T05:54:01","date_gmt":"2022-01-25T05:54:01","guid":{"rendered":"https:\/\/osteomed.mx\/ciao\/?page_id=544"},"modified":"2022-01-28T23:17:09","modified_gmt":"2022-01-28T23:17:09","slug":"pacientes-voluntarios","status":"publish","type":"page","link":"https:\/\/osteomed.mx\/ciao\/index.php\/pacientes-voluntarios\/","title":{"rendered":"Pacientes Voluntarios"},"content":{"rendered":"<p>[et_pb_section fb_built=&#8221;1&#8243; custom_padding_last_edited=&#8221;on|phone&#8221; _builder_version=&#8221;4.14.6&#8243; _module_preset=&#8221;1cd18ffa-e424-4e8e-bd35-c5cc19fcb75d&#8221; background_color=&#8221;RGBA(255,255,255,0)&#8221; background_enable_image=&#8221;off&#8221; custom_margin=&#8221;0px||0px||false|false&#8221; custom_padding=&#8221;0px||||false|false&#8221; custom_padding_tablet=&#8221;||0px||false|false&#8221; custom_padding_phone=&#8221;||0px||false|false&#8221; animation_style=&#8221;zoom&#8221; animation_intensity_zoom=&#8221;30%&#8221; saved_tabs=&#8221;all&#8221; global_colors_info=&#8221;{}&#8221;][et_pb_row custom_padding_last_edited=&#8221;on|phone&#8221; _builder_version=&#8221;4.14.6&#8243; _module_preset=&#8221;e1be6909-7dc2-4e91-a232-4a9d6659d8c8&#8243; width_tablet=&#8221;&#8221; width_phone=&#8221;96%&#8221; width_last_edited=&#8221;on|phone&#8221; custom_margin=&#8221;||||false|false&#8221; custom_padding=&#8221;||0px||false|false&#8221; custom_padding_tablet=&#8221;&#8221; custom_padding_phone=&#8221;0px||0px||false|false&#8221; global_colors_info=&#8221;{}&#8221;][et_pb_column type=&#8221;4_4&#8243; _builder_version=&#8221;4.11.3&#8243; _module_preset=&#8221;default&#8221; global_colors_info=&#8221;{}&#8221;][et_pb_text _builder_version=&#8221;4.14.6&#8243; _module_preset=&#8221;01ed805b-8804-40ae-8616-443e11192499&#8243; global_colors_info=&#8221;{}&#8221;]<\/p>\n<h1>Pacientes Voluntarios<\/h1>\n<p>[\/et_pb_text][\/et_pb_column][\/et_pb_row][\/et_pb_section][et_pb_section fb_built=&#8221;1&#8243; custom_padding_last_edited=&#8221;on|phone&#8221; _builder_version=&#8221;4.14.6&#8243; _module_preset=&#8221;default&#8221; custom_margin_tablet=&#8221;&#8221; custom_margin_phone=&#8221;&#8221; custom_margin_last_edited=&#8221;on|desktop&#8221; custom_padding=&#8221;30px||||false|false&#8221; custom_padding_tablet=&#8221;0px||||false|false&#8221; custom_padding_phone=&#8221;0px||||false|false&#8221; global_colors_info=&#8221;{}&#8221;][et_pb_row column_structure=&#8221;1_2,1_2&#8243; custom_padding_last_edited=&#8221;on|phone&#8221; _builder_version=&#8221;4.14.6&#8243; _module_preset=&#8221;default&#8221; width=&#8221;1920%&#8221; width_tablet=&#8221;100%&#8221; width_phone=&#8221;92%&#8221; width_last_edited=&#8221;on|phone&#8221; max_width=&#8221;100%&#8221; custom_padding=&#8221;0px|100px|0px||false|false&#8221; custom_padding_tablet=&#8221;|0px|||false|false&#8221; custom_padding_phone=&#8221;0px|0px|0px||false|false&#8221; global_colors_info=&#8221;{}&#8221;][et_pb_column type=&#8221;1_2&#8243; _builder_version=&#8221;4.14.6&#8243; _module_preset=&#8221;default&#8221; global_colors_info=&#8221;{}&#8221;][et_pb_image src=&#8221;https:\/\/osteomed.mx\/ciao\/wp-content\/uploads\/contenido\/pacientevoluntario-1.jpg&#8221; title_text=&#8221;pacientevoluntario-1&#8243; align=&#8221;right&#8221; align_tablet=&#8221;center&#8221; align_phone=&#8221;center&#8221; align_last_edited=&#8221;on|tablet&#8221; _builder_version=&#8221;4.14.6&#8243; _module_preset=&#8221;default&#8221; global_colors_info=&#8221;{}&#8221;][\/et_pb_image][\/et_pb_column][et_pb_column type=&#8221;1_2&#8243; _builder_version=&#8221;4.14.6&#8243; _module_preset=&#8221;default&#8221; global_colors_info=&#8221;{}&#8221;][et_pb_text _builder_version=&#8221;4.14.6&#8243; _module_preset=&#8221;28d769e3-6235-4fbb-bf30-2a1d394bf924&#8243; global_colors_info=&#8221;{}&#8221;]<\/p>\n<h5><strong>\u00bfQu\u00e9 es un paciente voluntario?<\/strong><\/h5>\n<p>En el Centro de Investigaci\u00f3n en Artritis y Osteoporosis S.C., seleccionamos pacientes para participar en Estudios Cl\u00ednicos.<\/p>\n<p>El paciente voluntario es una persona hombre o mujer, generalmente mayor de edad, que participa de forma voluntaria en un estudio o ensayo cl\u00ednico, donde recibe un tratamiento para el problema m\u00e9dico, motivo de investigaci\u00f3n.<\/p>\n<p>Los Ensayos Cl\u00ednicos est\u00e1n autorizados por un Comit\u00e9 de \u00c9tica, Bioseguridad e Investigaci\u00f3n Cl\u00ednica que vela porque los derechos de los pacientes queden debidamente protegidos, as\u00ed como autoridades nacionales que se encargan de supervisar la veracidad, seguridad y bienestar de cada participante.<\/p>\n<p>&nbsp;<\/p>\n<p>[\/et_pb_text][\/et_pb_column][\/et_pb_row][\/et_pb_section][et_pb_section fb_built=&#8221;1&#8243; custom_padding_last_edited=&#8221;on|phone&#8221; _builder_version=&#8221;4.14.6&#8243; _module_preset=&#8221;default&#8221; use_background_color_gradient=&#8221;on&#8221; background_color_gradient_start=&#8221;#008cb7&#8243; background_color_gradient_end=&#8221;#00546e&#8221; background_enable_image=&#8221;off&#8221; width_tablet=&#8221;&#8221; width_phone=&#8221;&#8221; width_last_edited=&#8221;on|desktop&#8221; min_height=&#8221;670px&#8221; min_height_tablet=&#8221;670px&#8221; min_height_phone=&#8221;670px&#8221; min_height_last_edited=&#8221;on|phone&#8221; max_height_tablet=&#8221;&#8221; max_height_phone=&#8221;&#8221; max_height_last_edited=&#8221;on|desktop&#8221; custom_padding_tablet=&#8221;&#8221; custom_padding_phone=&#8221;0px||0px||false|false&#8221; global_colors_info=&#8221;{}&#8221; width__hover_enabled=&#8221;on|desktop&#8221;][et_pb_row column_structure=&#8221;1_2,1_2&#8243; use_custom_gutter=&#8221;on&#8221; _builder_version=&#8221;4.14.6&#8243; _module_preset=&#8221;default&#8221; width_tablet=&#8221;&#8221; width_phone=&#8221;92%&#8221; width_last_edited=&#8221;on|phone&#8221; global_colors_info=&#8221;{}&#8221;][et_pb_column type=&#8221;1_2&#8243; disabled_on=&#8221;off|off|off&#8221; _builder_version=&#8221;4.14.6&#8243; _module_preset=&#8221;default&#8221; global_colors_info=&#8221;{}&#8221;][et_pb_text _builder_version=&#8221;4.14.6&#8243; _module_preset=&#8221;f7acf78c-03a0-4da7-9054-d6bef3ab8589&#8243; ul_font=&#8221;||||||||&#8221; ul_font_size=&#8221;22px&#8221; ul_line_height=&#8221;1.2em&#8221; hover_enabled=&#8221;0&#8243; global_colors_info=&#8221;{}&#8221; text_font_size=&#8221;22px&#8221; sticky_enabled=&#8221;0&#8243; text_font_size_phone=&#8221;22px&#8221;]<\/p>\n<h1>\u00bfPor qu\u00e9 participar en un Estudio Cl\u00ednico?<\/h1>\n<p>La participaci\u00f3n como paciente voluntario en un Estudio Cl\u00ednico le permite:\u00a0<\/p>\n<ul>\n<li>Lograr un mayor conocimiento de su propia enfermedad.<\/li>\n<li>Tener acceso a nuevos tratamientos antes de que sean ampliamente distribuidos.<\/li>\n<li>Obtener un cuidado m\u00e9dico estrecho durante el estudio.<\/li>\n<li>Obtener acceso gratuito a visitas m\u00e9dicas, estudios, diagn\u00f3sticos y tratamientos relacionados con la enfermedad.<\/li>\n<\/ul>\n<p>&nbsp;<\/p>\n<p>[\/et_pb_text][\/et_pb_column][et_pb_column type=&#8221;1_2&#8243; _builder_version=&#8221;4.11.3&#8243; _module_preset=&#8221;default&#8221; global_colors_info=&#8221;{}&#8221;][et_pb_text _builder_version=&#8221;4.14.6&#8243; _module_preset=&#8221;f7acf78c-03a0-4da7-9054-d6bef3ab8589&#8243; header_4_font=&#8221;||||||||&#8221; global_colors_info=&#8221;{}&#8221;]<\/p>\n<h1>Garant\u00edas de Seguridad<\/h1>\n<p>&nbsp;<\/p>\n<h4>Todo Estudio Cl\u00ednico es aprobado y monitoreado con un Comit\u00e9 de \u00c9tica, que tiene por funci\u00f3n asegurar la protecci\u00f3n de los Derechos, la Seguridad y Bienestar de los Pacientes.<\/h4>\n<h4><\/h4>\n<h4>El Estudio Cl\u00ednico se adhiere estrictamente a un protocolo que describe a detalle la metodolog\u00eda por medio de la cual los Investigadores deben conducir el estudio.<\/h4>\n<p>&nbsp;<\/p>\n<p>[\/et_pb_text][\/et_pb_column][\/et_pb_row][\/et_pb_section]<\/p>\n","protected":false},"excerpt":{"rendered":"<p>Pacientes Voluntarios\u00bfQu\u00e9 es un paciente voluntario? En el Centro de Investigaci\u00f3n en Artritis y Osteoporosis S.C., seleccionamos pacientes para participar en Estudios Cl\u00ednicos. El paciente voluntario es una persona hombre o mujer, generalmente mayor de edad, que participa de forma voluntaria en un estudio o ensayo cl\u00ednico, donde recibe un tratamiento para el problema m\u00e9dico, [&hellip;]<\/p>\n","protected":false},"author":1,"featured_media":0,"parent":0,"menu_order":0,"comment_status":"closed","ping_status":"closed","template":"","meta":{"_et_pb_use_builder":"on","_et_pb_old_content":"","_et_gb_content_width":"","footnotes":""},"class_list":["post-544","page","type-page","status-publish","hentry"],"_links":{"self":[{"href":"https:\/\/osteomed.mx\/ciao\/index.php\/wp-json\/wp\/v2\/pages\/544","targetHints":{"allow":["GET"]}}],"collection":[{"href":"https:\/\/osteomed.mx\/ciao\/index.php\/wp-json\/wp\/v2\/pages"}],"about":[{"href":"https:\/\/osteomed.mx\/ciao\/index.php\/wp-json\/wp\/v2\/types\/page"}],"author":[{"embeddable":true,"href":"https:\/\/osteomed.mx\/ciao\/index.php\/wp-json\/wp\/v2\/users\/1"}],"replies":[{"embeddable":true,"href":"https:\/\/osteomed.mx\/ciao\/index.php\/wp-json\/wp\/v2\/comments?post=544"}],"version-history":[{"count":19,"href":"https:\/\/osteomed.mx\/ciao\/index.php\/wp-json\/wp\/v2\/pages\/544\/revisions"}],"predecessor-version":[{"id":668,"href":"https:\/\/osteomed.mx\/ciao\/index.php\/wp-json\/wp\/v2\/pages\/544\/revisions\/668"}],"wp:attachment":[{"href":"https:\/\/osteomed.mx\/ciao\/index.php\/wp-json\/wp\/v2\/media?parent=544"}],"curies":[{"name":"wp","href":"https:\/\/api.w.org\/{rel}","templated":true}]}}